{"id":978,"date":"2023-06-30T11:27:00","date_gmt":"2023-06-30T09:27:00","guid":{"rendered":"http:\/\/franck-denise.com\/blog\/?page_id=978"},"modified":"2023-06-30T18:35:40","modified_gmt":"2023-06-30T16:35:40","slug":"boostez-votre-e-reputation-avec-serrurier-ovh","status":"publish","type":"page","link":"https:\/\/franck-denise.com\/blog\/","title":{"rendered":"Boostez votre E-r\u00e9putation avec Serrurier.Ovh"},"content":{"rendered":"<p><a href=\"http:\/\/franck-denise.com\/blog\/wp-content\/uploads\/2018\/04\/Annuaire_me-3.png\"><img fetchpriority=\"high\" decoding=\"async\" class=\"alignnone size-full wp-image-1029\" src=\"http:\/\/franck-denise.com\/blog\/wp-content\/uploads\/2018\/04\/Annuaire_me-3.png\" alt=\"\" width=\"240\" height=\"263\"><\/a><\/p>\n<h4>Serruriers passionn\u00e9s&nbsp;du m\u00e9tier<\/h4>\n<p>(1\u25b7 Obtenez un audit Gratuit de votre notori\u00e9t\u00e9 sur le Web.<\/p>\n<p>(2\u25b7 Profitez d&rsquo;un r\u00e9f\u00e9rencement Valorisant &amp; Gratuit sur l&rsquo;annuaire <a href=\"https:\/\/serrurier.ovh\/\">Serrurier.Ovh<\/a>,&nbsp;des contacts \u00e0 la cl\u00e9.<\/p>\n<p>(3\u25b7 Recevez un Devis sans engagement pour \u00eatre vu dans les p\u00f4les positions sur Google pour les mots cl\u00e9s les plus performants en serrurerie sur votre secteur g\u00e9ographique.<\/p>\n","protected":false},"excerpt":{"rendered":"<p>Serruriers passionn\u00e9s&nbsp;du m\u00e9tier (1\u25b7 Obtenez un audit Gratuit de votre notori\u00e9t\u00e9 sur le Web. (2\u25b7 Profitez d&rsquo;un r\u00e9f\u00e9rencement Valorisant &amp; &hellip; <\/p>\n","protected":false},"author":1,"featured_media":1004,"parent":0,"menu_order":0,"comment_status":"closed","ping_status":"closed","template":"","meta":{"footnotes":""},"class_list":["post-978","page","type-page","status-publish","has-post-thumbnail","hentry"],"_links":{"self":[{"href":"https:\/\/franck-denise.com\/blog\/wp-json\/wp\/v2\/pages\/978","targetHints":{"allow":["GET"]}}],"collection":[{"href":"https:\/\/franck-denise.com\/blog\/wp-json\/wp\/v2\/pages"}],"about":[{"href":"https:\/\/franck-denise.com\/blog\/wp-json\/wp\/v2\/types\/page"}],"author":[{"embeddable":true,"href":"https:\/\/franck-denise.com\/blog\/wp-json\/wp\/v2\/users\/1"}],"replies":[{"embeddable":true,"href":"https:\/\/franck-denise.com\/blog\/wp-json\/wp\/v2\/comments?post=978"}],"version-history":[{"count":19,"href":"https:\/\/franck-denise.com\/blog\/wp-json\/wp\/v2\/pages\/978\/revisions"}],"predecessor-version":[{"id":2001,"href":"https:\/\/franck-denise.com\/blog\/wp-json\/wp\/v2\/pages\/978\/revisions\/2001"}],"wp:featuredmedia":[{"embeddable":true,"href":"https:\/\/franck-denise.com\/blog\/wp-json\/wp\/v2\/media\/1004"}],"wp:attachment":[{"href":"https:\/\/franck-denise.com\/blog\/wp-json\/wp\/v2\/media?parent=978"}],"curies":[{"name":"wp","href":"https:\/\/api.w.org\/{rel}","templated":true}]}}